{"id":4761,"date":"2022-09-23T15:59:18","date_gmt":"2022-09-23T20:59:18","guid":{"rendered":"https:\/\/congresogro.gob.mx\/63\/inicio\/?page_id=4761"},"modified":"2022-10-06T10:58:26","modified_gmt":"2022-10-06T15:58:26","slug":"parlamento-hablantes-lenguas-indigenas-2022","status":"publish","type":"page","link":"https:\/\/congresogro.gob.mx\/63\/inicio\/parlamento-hablantes-lenguas-indigenas-2022\/","title":{"rendered":"Parlamento de Hablantes de Lenguas Ind\u00edgenas 2022"},"content":{"rendered":"<section id=\"bt_bb_section69de41aa8ba3f\" class=\"bt_bb_section bt_bb_layout_boxed_1200 bt_bb_vertical_align_top\"  data-bt-override-class=\"null\"><div class=\"bt_bb_background_image_holder_wrapper\"><div class=\"bt_bb_background_image_holder btLazyLoadBackground\"  data-background_image_src=\"https:\/\/congresogro.gob.mx\/63\/inicio\/wp-content\/uploads\/2022\/09\/fondo_parlamento.png\" data-parallax-zoom-start=\"1\" data-parallax-zoom-end=\"1\" data-parallax-blur-start=\"0\" data-parallax-blur-end=\"0\" data-parallax-opacity-start=\"1\" data-parallax-opacity-end=\"1\" style=\" background-image: url(&#039;https:\/\/congresogro.gob.mx\/63\/inicio\/wp-content\/plugins\/bold-page-builder\/img\/blank.gif&#039;);\"><\/div><\/div><div class=\"bt_bb_port\"><div class=\"bt_bb_cell\"><div class=\"bt_bb_cell_inner\"><div class=\"bt_bb_row \"  data-bt-override-class=\"{}\"><div class=\"bt_bb_row_holder\" ><div  class=\"bt_bb_column col-xxl-12 col-xl-12 col-xs-12 col-sm-12 col-md-12 col-lg-12 bt_bb_vertical_align_top bt_bb_align_left bt_bb_padding_normal bt_bb_shape_inherit\"  data-width=\"12\" data-bt-override-class=\"{}\"><div class=\"bt_bb_column_content\"><div class=\"bt_bb_column_content_inner\"><div class=\"bt_bb_separator bt_bb_border_style_none bt_bb_top_spacing_normal bt_bb_bottom_spacing_medium\" data-bt-override-class=\"null\"><\/div><div class=\"bt_bb_image bt_bb_shape_square bt_bb_target_self bt_bb_align_inherit bt_bb_hover_style_simple bt_bb_content_display_always bt_bb_content_align_middle\" data-bt-override-class=\"{&quot;bt_bb_align_&quot;:{&quot;current_class&quot;:&quot;bt_bb_align_inherit&quot;,&quot;xxl&quot;:&quot;inherit&quot;,&quot;xl&quot;:&quot;inherit&quot;}}\"><span><img loading=\"lazy\" decoding=\"async\" width=\"1200\" height=\"340\" src=\"https:\/\/congresogro.gob.mx\/63\/inicio\/wp-content\/uploads\/2022\/09\/LENGUA-2-logo.png\" class=\"attachment-full size-full\" alt=\"https:\/\/congresogro.gob.mx\/63\/inicio\/wp-content\/uploads\/2022\/09\/LENGUA-2-logo.png\" data-full_image_src=\"https:\/\/congresogro.gob.mx\/63\/inicio\/wp-content\/uploads\/2022\/09\/LENGUA-2-logo.png\" title=\"LENGUA 2-logo\" srcset=\"https:\/\/congresogro.gob.mx\/63\/inicio\/wp-content\/uploads\/2022\/09\/LENGUA-2-logo.png 1200w, https:\/\/congresogro.gob.mx\/63\/inicio\/wp-content\/uploads\/2022\/09\/LENGUA-2-logo-640x181.png 640w, https:\/\/congresogro.gob.mx\/63\/inicio\/wp-content\/uploads\/2022\/09\/LENGUA-2-logo-768x218.png 768w, https:\/\/congresogro.gob.mx\/63\/inicio\/wp-content\/uploads\/2022\/09\/LENGUA-2-logo-320x91.png 320w\" sizes=\"auto, (max-width: 1200px) 100vw, 1200px\" \/><\/span><\/div><div class=\"bt_bb_separator bt_bb_border_style_none bt_bb_top_spacing_normal bt_bb_bottom_spacing_normal\" data-bt-override-class=\"null\"><\/div><div  class=\"bt_bb_text\" ><\/p>\n<p style=\"text-align: center;\"><span style=\"color: #ff0000;\"><strong>ATENTO AVISO<\/strong> <\/span><\/p>\n<p style=\"text-align: center;\"><span style=\"color: #ff0000;\">El plazo para la inscripci\u00f3n y selecci\u00f3n de las y los parlamentaristas se ampl\u00eda hasta el viernes 07 de octubre de 2022, mientras que los nombres de las personas seleccionadas se dar\u00e1n a conocer el lunes 10 de octubre del a\u00f1o en curso. <\/span><\/p>\n<p style=\"text-align: justify;\">El H. Congreso del Estado de Guerrero en coordinaci\u00f3n con la Secretar\u00eda de Asuntos Ind\u00edgenas y Comunidades Afromexicanas del Gobierno del Estado Libre y Soberano de Guerrero, en el marco del \u201cDecenio de Acciones para las Lenguas Ind\u00edgenas 2022-2032\u201d y la conmemoraci\u00f3n del 12 de octubre, D\u00eda de la Naci\u00f3n Pluricultural:<\/p>\n<h2 style=\"text-align: center;\"><span style=\"color: #005d58;\"><strong>CONVOCAN:<\/strong><\/span><\/h2>\n<p style=\"text-align: justify;\">A todas y todos los ciudadanos guerrerenses, mayores de 18 a\u00f1os de edad, a formar parte del Parlamento de Hablantes de Lenguas Ind\u00edgenas 2022 del Estado de Guerrero.<\/p>\n<h5 style=\"text-align: justify;\"><strong>OBJETIVO <\/strong><\/h5>\n<p style=\"text-align: justify;\">El Parlamento de Hablantes de Lenguas de Ind\u00edgenas 2022 es un espacio de expresi\u00f3n que tiene por objeto reconocer, valorar y promover el uso de las lenguas Ind\u00edgenas existentes en el Estado de Guerrero (N\u00e1huatl, Tu\u2019un Savi \u2013 Mixteco, Me\u2019phaa-Tlapaneco, \u00d1omndaa -Amuzgo y sus variantes) a trav\u00e9s de la exposici\u00f3n de problem\u00e1ticas que se enfrentan en el uso de las mismas, los habitantes de pueblos originarios, las cuales tendr\u00e1n car\u00e1cter vinculatorio para ser analizadas, discutidas e incorporadas en las comisiones legislativas que correspondan, a trav\u00e9s de la Comisi\u00f3n Ordinaria de Derechos Humanos.<\/p>\n<h5 style=\"text-align: justify;\"><strong>BASES <\/strong><\/h5>\n<p style=\"text-align: justify;\"><strong>I. REQUISITOS<\/strong><\/p>\n<p style=\"text-align: justify;\"><strong>1.<\/strong> Haber cumplido 18 a\u00f1os al d\u00eda de la emisi\u00f3n de la convocatoria<\/p>\n<p style=\"text-align: justify;\"><strong>2.<\/strong> Acreditar ser originario del estado de Guerrero<\/p>\n<p style=\"text-align: justify;\"><strong>3.<\/strong> Hablar alguna de las siguientes lenguas ind\u00edgenas: N\u00e1huatl, Tu\u2019un Savi \u2013 Mixteco, Me\u2019phaa-Tlapaneco, \u00d1omndaa -Amuzgo.<\/p>\n<p style=\"text-align: justify;\"><strong>II. PROCESO DE ADMISI\u00d3N DE LOS Y LAS ASPIRANTES<\/strong><\/p>\n<p style=\"text-align: justify;\"><strong>1.<\/strong> El Parlamento de Hablantes de Lenguas Ind\u00edgenas 2022 se conformar\u00e1 por 46 integrantes parlamentarios de toda la entidad, de los cuales 50 por ciento ser\u00e1n mujeres y 50 por ciento hombres, atendiendo la paridad de g\u00e9nero, que re\u00fanan los requisitos antes se\u00f1alados.<\/p>\n<p style=\"text-align: justify;\"><strong>2.<\/strong> Los aspirantes podr\u00e1n registrarse a trav\u00e9s de la p\u00e1gina:<a href=\"https:\/\/congresogro.gob.mx\/63\/inicio\/parlamento-hablantes-lenguas-indigenas-2022\/\"> https:\/\/congresogro.gob.mx\/63\/inicio\/parlamento-hablantes-lenguas-indigenas-2022\/<\/a> o en las delegaciones de la Secretar\u00eda de Asuntos Ind\u00edgenas a trav\u00e9s del formato se\u00f1alado como Anexo 1, adem\u00e1s de anexar copia de su identificaci\u00f3n oficial.<\/p>\n<p style=\"text-align: justify;\"><strong>3.<\/strong> Las personas participantes deber\u00e1n enviar un resumen de su participaci\u00f3n en espa\u00f1ol y\/o en su lengua originaria, con una extensi\u00f3n m\u00ednima de una cuartilla y m\u00e1xima de dos cuartillas en donde deber\u00e1n elegir un tema a desarrollar, siendo opciones los siguientes:<\/p>\n<p style=\"text-align: justify;\"><strong>a)<\/strong> Uso oficial de lenguas ind\u00edgenas.<\/p>\n<p style=\"text-align: justify;\"><strong>b)<\/strong> Preservaci\u00f3n y recuperaci\u00f3n de lenguas ind\u00edgenas.<\/p>\n<p style=\"text-align: justify;\"><strong>c)<\/strong> Discriminaci\u00f3n por el uso de lenguas ind\u00edgenas.<\/p>\n<p style=\"text-align: justify;\"><strong>d)<\/strong> Pol\u00edticas P\u00fablicas para incentivar el uso de las lenguas ind\u00edgenas.<\/p>\n<p style=\"text-align: justify;\"><strong>e)<\/strong> Las lenguas ind\u00edgenas como elemento de supervivencia y fortaleza cultural de los pueblos originarios.<\/p>\n<p style=\"text-align: justify;\">El per\u00edodo de inscripci\u00f3n comenzar\u00e1 a partir de la publicaci\u00f3n de la presente Convocatoria y concluir\u00e1 el d\u00eda mi\u00e9rcoles 5 de octubre de 2022.<\/p>\n<p style=\"text-align: justify;\"><strong> III. DE LA SELECCI\u00d3N DE LOS PARTICIPANTES:<\/strong><\/p>\n<p style=\"text-align: justify;\">Ser\u00e1 el Comit\u00e9 Organizador integrado por la Dip. Leticia Mosso Hern\u00e1ndez, presidenta, las y los diputados Marb\u00e9n de la Cruz Santiago, Mar\u00eda Flores Maldonado, Masedonio Mendoza Basurto y Antonio Helguera Jim\u00e9nez, as\u00ed como por la Secretaria de Asuntos Ind\u00edgenas y Afromexicanos del Gobierno del Estado de Guerrero, Lic. Reyna Mej\u00eda Morales, apoyados por el personal t\u00e9cnico que para tal efecto designen, quienes determinar\u00e1n la elegibilidad de los participantes con base al criterio de originalidad de las propuestas enviadas y la representaci\u00f3n de las cuatro lenguas originarias, adem\u00e1s de procurar la representaci\u00f3n geogr\u00e1fica y los distintos grupos de edad de las personas participantes.<\/p>\n<p style=\"text-align: justify;\"><strong>IV. DE LA PUBLICACI\u00d3N DE LOS RESULTADOS<\/strong><\/p>\n<p style=\"text-align: justify;\">Los resultados ser\u00e1n publicados el d\u00eda jueves 6 de octubre, a trav\u00e9s de la p\u00e1gina oficial del H. Congreso del Estado de Guerrero. De igual forma, las y los seleccionados recibir\u00e1n un correo electr\u00f3nico en el que les ser\u00e1 Notificada su participaci\u00f3n al Parlamento de Hablantes de Lenguas Ind\u00edgenas 2022.<\/p>\n<p style=\"text-align: justify;\"><strong>V. DEL USO DE LA VOZ EN TRIBUNA DE LOS PARTICIPANTES <\/strong><\/p>\n<p style=\"text-align: justify;\">Los y las participantes contar\u00e1n con un m\u00e1ximo de cinco minutos para exponer en su lengua ind\u00edgena, el tema antes se\u00f1alado en su formato de registro. El resumen enviado en su inscripci\u00f3n al Parlamento, ser\u00e1 proyectado en espa\u00f1ol al momento de su participaci\u00f3n en Tribuna para el conocimiento de las y los asistentes al Parlamento.<\/p>\n<p style=\"text-align: justify;\"><strong>V. FECHA Y LUGAR DEL EVENTO<\/strong><\/p>\n<p style=\"text-align: justify;\">El Parlamento de Hablantes de Lenguas Ind\u00edgenas 2022 se realizar\u00e1 el d\u00eda mi\u00e9rcoles 12 de octubre del presente a\u00f1o en las instalaciones del H. Congreso del Estado de Guerrero, ubicado en Tr\u00e9bol Sur Sentimientos de la Naci\u00f3n S\/N, Col. Villa Moderna, C.P. 39074, Chilpancingo de Los Bravo, Guerrero.<\/p>\n<p style=\"text-align: justify;\"><strong>VI. TRANSITORIOS<\/strong><\/p>\n<p style=\"text-align: justify;\"><strong>1.<\/strong> El Parlamento de Hablantes de Lenguas Ind\u00edgenas 2022 de Guerrero es un evento patrocinado por los convocantes, los gastos de hospedaje, alimentaci\u00f3n y transporte de los parlamentarios correr\u00e1n a cargo del comit\u00e9 organizador del evento.<\/p>\n<p style=\"text-align: justify;\"><strong>2.<\/strong> En casos no previstos por la convocatoria, los aspirantes a participar pueden pedir aclaraciones al correo: parlamento-hablantes-lenguas- indigenas@congresogro.gob.mx.<\/p>\n<p style=\"text-align: justify;\"><strong>3.-<\/strong> Se faculta al Comit\u00e9 Organizador para resolver y realizar las acciones y cambios pertinentes en las eventualidades y casos no previstos en la presente convocatoria.<\/p>\n<table style=\"border-collapse: collapse; width: 100%; height: 155px;\">\n<tbody>\n<tr style=\"height: 95px;\">\n<td style=\"width: 50%; height: 95px;\">\n<p style=\"text-align: center;\"><span style=\"font-size: 12pt;\"><strong>DIP. LETICIA MOSSO HERN\u00c1NDEZ<\/strong><\/span><\/p>\n<p style=\"text-align: center;\"><span style=\"font-size: 12pt;\"> PRESIDENTA\u00a0<\/span><\/p>\n<\/td>\n<td style=\"width: 50%; height: 95px;\">\n<p style=\"text-align: center;\"><span style=\"font-size: 12pt;\"><strong>DIP. MARB\u00c9N DE LA CRUZ SANTIAGO<\/strong><\/span><\/p>\n<p style=\"text-align: center;\"><span style=\"font-size: 12pt;\">INTEGRANTE <\/span><\/p>\n<\/td>\n<\/tr>\n<tr style=\"height: 30px;\">\n<td style=\"width: 50%; height: 30px;\">\n<p style=\"text-align: center;\"><span style=\"font-size: 12pt;\"><strong>DIP. MAR\u00cdA FLORES MALDONADO<\/strong><\/span><\/p>\n<p style=\"text-align: center;\"><span style=\"font-size: 12pt;\">INTEGRANTE<\/span><\/p>\n<\/td>\n<td style=\"width: 50%; height: 30px;\">\n<p style=\"text-align: center;\"><span style=\"font-size: 12pt;\"><strong> DIP. MASEDONIO MENDOZA BASURTO<\/strong><\/span><\/p>\n<p style=\"text-align: center;\"><span style=\"font-size: 12pt;\">INTEGRANTE <\/span><\/p>\n<\/td>\n<\/tr>\n<tr style=\"height: 30px;\">\n<td style=\"width: 50%; height: 30px; text-align: center;\"><span style=\"font-size: 12pt;\"><strong>DIP. ANTONIO HELGUERA JIM\u00c9NEZ<\/strong><\/span><\/p>\n<p>INTEGRANTE<\/td>\n<td style=\"width: 50%; height: 30px;\">\n<p style=\"text-align: center;\"><span style=\"font-size: 12pt;\"><strong> LIC. REYNA MEJ\u00cdA MORALES<\/strong><\/span><\/p>\n<p style=\"text-align: center;\"><span style=\"font-size: 12pt;\">SECRETARIA DE ASUNTOS IND\u00cdGENAS Y AFROMEXICANOS-INTEGRANTE<\/span><\/p>\n<\/td>\n<\/tr>\n<\/tbody>\n<\/table>\n<p>\n<\/div><div  class=\"bt_bb_text\" ><\/p>\n<p style=\"text-align: center;\"><strong>ANEXO<\/strong>:<\/p>\n<p style=\"text-align: center;\"><strong>FICHA DE REGISTRO DE PARTICIPANTES AL<\/strong><\/p>\n<p style=\"text-align: center;\">\u201cPARLAMENTO DE HABLANTES DE LENGUAS IND\u00cdGENAS 2022\u201d<\/p>\n<div class=\"wpcf7 no-js\" id=\"wpcf7-f4806-o1\" lang=\"es-ES\" dir=\"ltr\">\n<div class=\"screen-reader-response\">\n<p role=\"status\" aria-live=\"polite\" aria-atomic=\"true\">\n<ul><\/ul>\n<\/div>\n<form action=\"\/63\/inicio\/wp-json\/wp\/v2\/pages\/4761#wpcf7-f4806-o1\" method=\"post\" class=\"wpcf7-form init\" aria-label=\"Formulario de contacto\" enctype=\"multipart\/form-data\" novalidate=\"novalidate\" data-status=\"init\">\n<div style=\"display: none;\">\n<input type=\"hidden\" name=\"_wpcf7\" value=\"4806\" \/><br \/>\n<input type=\"hidden\" name=\"_wpcf7_version\" value=\"5.9.8\" \/><br \/>\n<input type=\"hidden\" name=\"_wpcf7_locale\" value=\"es_ES\" \/><br \/>\n<input type=\"hidden\" name=\"_wpcf7_unit_tag\" value=\"wpcf7-f4806-o1\" \/><br \/>\n<input type=\"hidden\" name=\"_wpcf7_container_post\" value=\"0\" \/><br \/>\n<input type=\"hidden\" name=\"_wpcf7_posted_data_hash\" value=\"\" \/>\n<\/div>\n<p><label> Nombre Completo<br \/>\n<span class=\"wpcf7-form-control-wrap\" data-name=\"your-name\"><input size=\"40\" maxlength=\"400\" class=\"wpcf7-form-control wpcf7-text wpcf7-validates-as-required\" aria-required=\"true\" aria-invalid=\"false\" value=\"\" type=\"text\" name=\"your-name\" \/><\/span> <\/label>\n<\/p>\n<p><label> Edad<br \/>\n<span class=\"wpcf7-form-control-wrap\" data-name=\"number-291\"><input class=\"wpcf7-form-control wpcf7-number wpcf7-validates-as-required wpcf7-validates-as-number\" aria-required=\"true\" aria-invalid=\"false\" value=\"\" type=\"number\" name=\"number-291\" \/><\/span> <\/label>\n<\/p>\n<p>Sexo:<br \/>\n<span class=\"wpcf7-form-control-wrap\" data-name=\"radio-197\"><span class=\"wpcf7-form-control wpcf7-radio\"><span class=\"wpcf7-list-item first\"><label><input type=\"radio\" name=\"radio-197\" value=\"Femenino\" checked=\"checked\" \/><span class=\"wpcf7-list-item-label\">Femenino<\/span><\/label><\/span><span class=\"wpcf7-list-item\"><label><input type=\"radio\" name=\"radio-197\" value=\"Masculino\" \/><span class=\"wpcf7-list-item-label\">Masculino<\/span><\/label><\/span><span class=\"wpcf7-list-item last\"><label><input type=\"radio\" name=\"radio-197\" value=\"Otro\" \/><span class=\"wpcf7-list-item-label\">Otro<\/span><\/label><\/span><\/span><\/span>\n<\/p>\n<p><label> Grado M\u00e1ximo de Estudios:<br \/>\n<span class=\"wpcf7-form-control-wrap\" data-name=\"text-33\"><input size=\"40\" maxlength=\"400\" class=\"wpcf7-form-control wpcf7-text wpcf7-validates-as-required\" aria-required=\"true\" aria-invalid=\"false\" value=\"\" type=\"text\" name=\"text-33\" \/><\/span><\/label>\n<\/p>\n<p>Autoadscripci\u00f3n Ind\u00edgena:<br \/>\n<span class=\"wpcf7-form-control-wrap\" data-name=\"radio-466\"><span class=\"wpcf7-form-control wpcf7-radio\"><span class=\"wpcf7-list-item first\"><label><input type=\"radio\" name=\"radio-466\" value=\"Si\" checked=\"checked\" \/><span class=\"wpcf7-list-item-label\">Si<\/span><\/label><\/span><span class=\"wpcf7-list-item last\"><label><input type=\"radio\" name=\"radio-466\" value=\"No\" \/><span class=\"wpcf7-list-item-label\">No<\/span><\/label><\/span><\/span><\/span>\n<\/p>\n<p><label> Originario:<br \/>\n<span class=\"wpcf7-form-control-wrap\" data-name=\"text-700\"><input size=\"40\" maxlength=\"400\" class=\"wpcf7-form-control wpcf7-text wpcf7-validates-as-required\" aria-required=\"true\" aria-invalid=\"false\" value=\"\" type=\"text\" name=\"text-700\" \/><\/span><br \/>\n<\/label>\n<\/p>\n<p><label> Domicilio<br \/>\n<span class=\"wpcf7-form-control-wrap\" data-name=\"text-416\"><input size=\"40\" maxlength=\"400\" class=\"wpcf7-form-control wpcf7-text\" aria-invalid=\"false\" value=\"\" type=\"text\" name=\"text-416\" \/><\/span><\/label>\n<\/p>\n<p><label> Tel\u00e9fono<br \/>\n<span class=\"wpcf7-form-control-wrap\" data-name=\"tel-129\"><input size=\"40\" maxlength=\"400\" class=\"wpcf7-form-control wpcf7-tel wpcf7-validates-as-required wpcf7-text wpcf7-validates-as-tel\" aria-required=\"true\" aria-invalid=\"false\" value=\"\" type=\"tel\" name=\"tel-129\" \/><\/span><\/label>\n<\/p>\n<p><label> Correo electr\u00f3nico<br \/>\n<span class=\"wpcf7-form-control-wrap\" data-name=\"your-email\"><input size=\"40\" maxlength=\"400\" class=\"wpcf7-form-control wpcf7-email wpcf7-validates-as-required wpcf7-text wpcf7-validates-as-email\" aria-required=\"true\" aria-invalid=\"false\" value=\"\" type=\"email\" name=\"your-email\" \/><\/span> <\/label>\n<\/p>\n<p><label> Lengua Originaria<br \/>\n<span class=\"wpcf7-form-control-wrap\" data-name=\"text-686\"><input size=\"40\" maxlength=\"400\" class=\"wpcf7-form-control wpcf7-text wpcf7-validates-as-required\" aria-required=\"true\" aria-invalid=\"false\" value=\"\" type=\"text\" name=\"text-686\" \/><\/span><\/label>\n<\/p>\n<p><label> Tema<br \/>\n<span class=\"wpcf7-form-control-wrap\" data-name=\"your-subject\"><input size=\"40\" maxlength=\"400\" class=\"wpcf7-form-control wpcf7-text wpcf7-validates-as-required\" aria-required=\"true\" aria-invalid=\"false\" value=\"\" type=\"text\" name=\"your-subject\" \/><\/span> <\/label>\n<\/p>\n<p><label>Resumen en espa\u00f1ol y\/o lengua originaria (M\u00ednimo una cuartilla, m\u00e1ximo dos cuartillas en formato pdf.)<br \/>\n<span class=\"wpcf7-form-control-wrap\" data-name=\"file-445\"><input size=\"40\" class=\"wpcf7-form-control wpcf7-file wpcf7-validates-as-required\" accept=\".pdf\" aria-required=\"true\" aria-invalid=\"false\" type=\"file\" name=\"file-445\" \/><\/span><\/label>\n<\/p>\n<p><label><span class=\"wpcf7-form-control-wrap\" data-name=\"acceptance-694\"><span class=\"wpcf7-form-control wpcf7-acceptance\"><span class=\"wpcf7-list-item\"><input type=\"checkbox\" name=\"acceptance-694\" value=\"1\" aria-invalid=\"false\" \/><\/span><\/span><\/span> <a href=\"https:\/\/congresogro.gob.mx\/63\/inicio\/wp-content\/uploads\/2022\/09\/AVISO-DE-PRIVACIDAD-LENGUAS.pdf\" style=\"text-decoration: revert;\">He le\u00eddo y acepto el aviso legal y la pol\u00edtica de privacidad<\/a><\/label>\n<\/p>\n<p><input class=\"wpcf7-form-control wpcf7-submit has-spinner\" type=\"submit\" value=\"Enviar\" \/>\n<\/p>\n<p style=\"display: none !important;\" class=\"akismet-fields-container\" data-prefix=\"_wpcf7_ak_\"><label>&#916;<textarea name=\"_wpcf7_ak_hp_textarea\" cols=\"45\" rows=\"8\" maxlength=\"100\"><\/textarea><\/label><input type=\"hidden\" id=\"ak_js_1\" name=\"_wpcf7_ak_js\" value=\"114\"\/><script>document.getElementById( \"ak_js_1\" ).setAttribute( \"value\", ( new Date() ).getTime() );<\/script><\/p>\n<div class=\"wpcf7-response-output\" aria-hidden=\"true\"><\/div>\n<\/form>\n<\/div>\n<p>\n<\/div><\/div><\/div><\/div><\/div><\/div><\/div><!-- cell_inner --><\/div><!-- cell --><\/div><!-- port --><\/section>\n","protected":false},"excerpt":{"rendered":"","protected":false},"author":1,"featured_media":0,"parent":0,"menu_order":0,"comment_status":"closed","ping_status":"closed","template":"","meta":{"_monsterinsights_skip_tracking":false,"_monsterinsights_sitenote_active":false,"_monsterinsights_sitenote_note":"","_monsterinsights_sitenote_category":0,"footnotes":""},"class_list":["post-4761","page","type-page","status-publish","hentry"],"aioseo_notices":[],"_links":{"self":[{"href":"https:\/\/congresogro.gob.mx\/63\/inicio\/wp-json\/wp\/v2\/pages\/4761","targetHints":{"allow":["GET"]}}],"collection":[{"href":"https:\/\/congresogro.gob.mx\/63\/inicio\/wp-json\/wp\/v2\/pages"}],"about":[{"href":"https:\/\/congresogro.gob.mx\/63\/inicio\/wp-json\/wp\/v2\/types\/page"}],"author":[{"embeddable":true,"href":"https:\/\/congresogro.gob.mx\/63\/inicio\/wp-json\/wp\/v2\/users\/1"}],"replies":[{"embeddable":true,"href":"https:\/\/congresogro.gob.mx\/63\/inicio\/wp-json\/wp\/v2\/comments?post=4761"}],"version-history":[{"count":18,"href":"https:\/\/congresogro.gob.mx\/63\/inicio\/wp-json\/wp\/v2\/pages\/4761\/revisions"}],"predecessor-version":[{"id":5108,"href":"https:\/\/congresogro.gob.mx\/63\/inicio\/wp-json\/wp\/v2\/pages\/4761\/revisions\/5108"}],"wp:attachment":[{"href":"https:\/\/congresogro.gob.mx\/63\/inicio\/wp-json\/wp\/v2\/media?parent=4761"}],"curies":[{"name":"wp","href":"https:\/\/api.w.org\/{rel}","templated":true}]}}