{"id":1047,"date":"2021-11-18T16:36:01","date_gmt":"2021-11-18T22:36:01","guid":{"rendered":"https:\/\/congresogro.gob.mx\/63\/inicio\/?page_id=1047"},"modified":"2021-11-18T16:38:02","modified_gmt":"2021-11-18T22:38:02","slug":"feria-artesanal-cultural-y-gastronomica-2021","status":"publish","type":"page","link":"https:\/\/congresogro.gob.mx\/63\/inicio\/feria-artesanal-cultural-y-gastronomica-2021\/","title":{"rendered":"Feria Artesanal, Cultural y Gastron\u00f3mica 2021"},"content":{"rendered":"<p><section id=\"bt_bb_section69da0362d0477\" class=\"bt_bb_section bt_bb_color_scheme_1 bt_bb_layout_boxed_1200 bt_bb_vertical_align_top bt_bb_background_overlay_dark_stripes bt_bb_top_spacing_large bt_bb_bottom_spacing_large\" style=\"; --section-primary-color:#ffffff; --section-secondary-color:#191919;\" data-bt-override-class=\"null\"><div class=\"bt_bb_background_image_holder_wrapper\"><div class=\"bt_bb_background_image_holder bt_bb_parallax\"  data-parallax=\"0.4\" data-parallax-offset=\"0\" data-parallax-zoom-start=\"1\" data-parallax-zoom-end=\"1\" data-parallax-blur-start=\"0\" data-parallax-blur-end=\"0\" data-parallax-opacity-start=\"1\" data-parallax-opacity-end=\"1\" style=\" background-image:url(&#039;https:\/\/congresogro.gob.mx\/63\/inicio\/wp-content\/uploads\/2021\/09\/congreso_pleno3.jpg&#039;);\"><\/div><\/div><div class=\"bt_bb_port\"><div class=\"bt_bb_cell\"><div class=\"bt_bb_cell_inner\"><div class=\"bt_bb_row \"  data-bt-override-class=\"{}\"><div class=\"bt_bb_row_holder\" ><div  class=\"bt_bb_column col-xxl-12 col-xl-12 bt_bb_vertical_align_top bt_bb_align_center bt_bb_padding_normal bt_bb_animation_fade_in animate bt_bb_shape_inherit\"  data-width=\"12\" data-bt-override-class=\"{}\"><div class=\"bt_bb_column_content\"><div class=\"bt_bb_column_content_inner\"><div class=\"bt_bb_separator bt_bb_border_style_none bt_bb_top_spacing_medium\" data-bt-override-class=\"null\"><\/div><header class=\"bt_bb_headline bt_bb_dash_top bt_bb_superheadline bt_bb_subheadline bt_bb_size_huge bt_bb_align_inherit\" data-bt-override-class=\"{&quot;bt_bb_size_&quot;:{&quot;current_class&quot;:&quot;bt_bb_size_huge&quot;,&quot;xxl&quot;:&quot;huge&quot;,&quot;xl&quot;:&quot;huge&quot;},&quot;bt_bb_align_&quot;:{&quot;current_class&quot;:&quot;bt_bb_align_inherit&quot;,&quot;xxl&quot;:&quot;inherit&quot;,&quot;xl&quot;:&quot;inherit&quot;}}\"><h1 class=\"bt_bb_headline_tag\"><span class=\"bt_bb_headline_superheadline\">LXIII LEGISLATURA<\/span><span class=\"bt_bb_headline_content\"><span>CONVOCATORIA<\/span><\/span><\/h1><div class=\"bt_bb_headline_subheadline\">\u201cFeria Artesanal, Cultural y Gastron\u00f3mica 2021\u201d<\/div><\/header><div class=\"bt_bb_separator bt_bb_border_style_none bt_bb_bottom_spacing_medium\" data-bt-override-class=\"null\"><\/div><\/div><\/div><\/div><\/div><\/div><\/div><!-- cell_inner --><\/div><!-- cell --><\/div><!-- port --><\/section><section id=\"bt_bb_section69da0362d0bc0\" class=\"bt_bb_section bt_bb_layout_boxed_1200\"  data-bt-override-class=\"null\"><div class=\"bt_bb_port\"><div class=\"bt_bb_cell\"><div class=\"bt_bb_cell_inner\"><div class=\"bt_bb_row \"  data-bt-override-class=\"{}\"><div class=\"bt_bb_row_holder\" ><div  class=\"bt_bb_column col-xxl-12 col-xl-12 col-xs-12 col-sm-12 col-md-12 col-lg-12 bt_bb_vertical_align_top bt_bb_align_left bt_bb_padding_normal bt_bb_shape_inherit\"  data-width=\"12\" data-bt-override-class=\"{}\"><div class=\"bt_bb_column_content\"><div class=\"bt_bb_column_content_inner\"><div class=\"bt_bb_separator bt_bb_border_style_none bt_bb_top_spacing_normal\" data-bt-override-class=\"null\"><\/div><div  class=\"bt_bb_text\" ><\/p>\n<h4 style=\"text-align: center;\"><strong>CONVOCATORIA<\/strong><\/h4>\n<p style=\"text-align: justify;\">El Honorable Congreso del Estado de Guerrero a trav\u00e9s de sus Comisiones de Artesan\u00edas, Cultura, y Asuntos Ind\u00edgenas y Afromexicanos,\u00a0 convoca a los 80 Ayuntamientos y al Concejo Comunitario del Municipio de Ayutla de los Libres, a participar en la<strong> \u201cFeria Artesanal, Cultural y Gastron\u00f3mica 2021\u201d<\/strong>\u00a0 que se llevar\u00e1 a cabo en la Ciudad de Chilpancingo de los Bravo, Guerrero, los d\u00edas 30 de noviembre, 1 y 2 de diciembre de 2021.<\/p>\n<p style=\"text-align: center;\"><strong>OBJETIVO<\/strong><\/p>\n<p style=\"text-align: justify;\"><strong>\u00a0<\/strong>Proteger, fomentar y promover la cultura, gastronom\u00eda y las artesan\u00edas representativas de los diversos municipios de nuestro Estado de Guerrero, as\u00ed como generar un lazo directo entre el ciudadano y el artesano para la adquisici\u00f3n de productos, generando con ello acciones que permitan alcanzar una mayor inclusi\u00f3n econ\u00f3mica del sector social artesanal.<\/p>\n<p style=\"text-align: justify;\"><strong>\u00a0<\/strong><\/p>\n<p style=\"text-align: justify;\"><strong>REQUISITOS:<\/strong><\/p>\n<ul style=\"text-align: justify;\">\n<li>Portafolio de productos a exponer.<\/li>\n<li>Lista de precios.<\/li>\n<li>Nombre del artesano productor.<\/li>\n<li>Copia de credencial de elector del artesano.<\/li>\n<li>Hoja de vida del artesano productor.<\/li>\n<li>Los productos a exhibir tendr\u00e1n que ser de artesanos residentes en el municipio.<\/li>\n<li>Los productos a exponer tendr\u00e1n que ser artesan\u00edas y\/o gastronom\u00eda t\u00edpica del municipio, realizadas bajo t\u00e9cnicas tradicionales, contempor\u00e1neas o mixtas.<\/li>\n<\/ul>\n<p style=\"text-align: justify;\"><strong>\u00a0<\/strong><\/p>\n<p style=\"text-align: justify;\"><strong>RECEPCI\u00d3N DE PROPUESTAS:<\/strong><\/p>\n<p style=\"text-align: justify;\">Se recibir\u00e1 una propuesta por municipio del 18 al 23 de noviembre de 2021, en las presidencias de las comisiones convocantes y\/o a trav\u00e9s de los correos electr\u00f3nicos <a href=\"mailto:mariaflores@congresogro.gob.mx\"><strong>mariaflores@congresogro.gob.mx<\/strong><\/a><strong> , <\/strong><a href=\"mailto:dipjennyfergarcia@gmail.com\"><strong>dipjennyfergarcia@gmail.com<\/strong><\/a> y <a href=\"mailto:marbendelacruz@congreso.gob.mx\"><strong>marbendelacruz@congreso.gob.mx<\/strong><\/a> o a los n\u00fameros de tel\u00e9fonos 747 47 18435 ext. 2022 y 2023, 747 47 18471 ext. 3042 y 747 47 18400 ext. 3052.<\/p>\n<p style=\"text-align: center;\"><strong>ATENTAMENTE<\/strong><\/p>\n<p style=\"text-align: center;\">Dip. Mar\u00eda Flores Maldonado\u00a0\u00a0\u00a0\u00a0\u00a0\u00a0\u00a0\u00a0\u00a0\u00a0\u00a0\u00a0\u00a0\u00a0\u00a0\u00a0\u00a0\u00a0\u00a0\u00a0\u00a0 Dip. Jennyfer Garc\u00eda Lucena<\/p>\n<p style=\"text-align: center;\">\u00a0 \u00a0 \u00a0 \u00a0 \u00a0 Dip.Marben de la Cruz Santiago<\/p>\n<p>\n<\/div><div class=\"bt_bb_separator bt_bb_border_style_none bt_bb_top_spacing_normal\" data-bt-override-class=\"null\"><\/div><\/div><\/div><\/div><\/div><\/div><\/div><!-- cell_inner --><\/div><!-- cell --><\/div><!-- port --><\/section><\/p>\n","protected":false},"excerpt":{"rendered":"","protected":false},"author":1,"featured_media":0,"parent":0,"menu_order":0,"comment_status":"closed","ping_status":"closed","template":"","meta":{"_monsterinsights_skip_tracking":false,"_monsterinsights_sitenote_active":false,"_monsterinsights_sitenote_note":"","_monsterinsights_sitenote_category":0,"footnotes":""},"class_list":["post-1047","page","type-page","status-publish","hentry"],"aioseo_notices":[],"_links":{"self":[{"href":"https:\/\/congresogro.gob.mx\/63\/inicio\/wp-json\/wp\/v2\/pages\/1047","targetHints":{"allow":["GET"]}}],"collection":[{"href":"https:\/\/congresogro.gob.mx\/63\/inicio\/wp-json\/wp\/v2\/pages"}],"about":[{"href":"https:\/\/congresogro.gob.mx\/63\/inicio\/wp-json\/wp\/v2\/types\/page"}],"author":[{"embeddable":true,"href":"https:\/\/congresogro.gob.mx\/63\/inicio\/wp-json\/wp\/v2\/users\/1"}],"replies":[{"embeddable":true,"href":"https:\/\/congresogro.gob.mx\/63\/inicio\/wp-json\/wp\/v2\/comments?post=1047"}],"version-history":[{"count":3,"href":"https:\/\/congresogro.gob.mx\/63\/inicio\/wp-json\/wp\/v2\/pages\/1047\/revisions"}],"predecessor-version":[{"id":1050,"href":"https:\/\/congresogro.gob.mx\/63\/inicio\/wp-json\/wp\/v2\/pages\/1047\/revisions\/1050"}],"wp:attachment":[{"href":"https:\/\/congresogro.gob.mx\/63\/inicio\/wp-json\/wp\/v2\/media?parent=1047"}],"curies":[{"name":"wp","href":"https:\/\/api.w.org\/{rel}","templated":true}]}}