{"id":1200,"date":"2018-09-11T09:39:24","date_gmt":"2018-09-11T09:39:24","guid":{"rendered":"http:\/\/law-firm.bold-themes.com\/master-import\/?page_id=1200"},"modified":"2021-10-11T18:40:43","modified_gmt":"2021-10-11T18:40:43","slug":"news-grid","status":"publish","type":"page","link":"https:\/\/congresogro.gob.mx\/62\/inicio\/news-2\/news-grid\/","title":{"rendered":"Comunicaci\u00f3n"},"content":{"rendered":"<section id=\"bt_bb_section69d22d8800570\" class=\"bt_bb_section bt_bb_color_scheme_11 bt_bb_layout_boxed_1200 bt_bb_vertical_align_top bt_bb_top_spacing_medium bt_bb_bottom_spacing_large\" style=\"; --section-primary-color:#191919; --section-secondary-color:#f2f2f2;\" data-bt-override-class=\"null\"><div class=\"bt_bb_port\"><div class=\"bt_bb_cell\"><div class=\"bt_bb_cell_inner\"><div class=\"bt_bb_row \"  data-bt-override-class=\"{}\"><div class=\"bt_bb_row_holder\" ><div  class=\"bt_bb_column col-xxl-12 col-xl-12 bt_bb_vertical_align_top bt_bb_align_left bt_bb_padding_normal\"  data-width=\"12\" data-bt-override-class=\"{}\"><div class=\"bt_bb_column_content\"><div class=\"bt_bb_column_content_inner\"><div class=\"bt_bb_masonry_post_grid bt_bb_grid_container bt_bb_columns_3 bt_bb_gap_normal\" data-columns=\"3\"><div class=\"bt_bb_post_grid_filter\"><span class=\"bt_bb_post_grid_filter_item active\" data-category=\"\">All<\/span><span class=\"bt_bb_post_grid_filter_item\" data-category=\"adalid-perez-galeana\">Adalid P\u00e9rez Galeana<\/span><span class=\"bt_bb_post_grid_filter_item\" data-category=\"alberto-catalan-bastida\">Alberto Catal\u00e1n Bastida<\/span><span class=\"bt_bb_post_grid_filter_item\" data-category=\"alfredo-sanchez-esquivel\">Alfredo S\u00e1nchez Esquivel<\/span><span class=\"bt_bb_post_grid_filter_item\" data-category=\"alicia-elizabeth-zamora-villalva\">Alicia Elizabeth Zamora Villalva<\/span><span class=\"bt_bb_post_grid_filter_item\" data-category=\"antonio-helguera-jimenez\">Antonio Helguera Jim\u00e9nez<\/span><span class=\"bt_bb_post_grid_filter_item\" data-category=\"aracely-alheli-alvarado-gonzalez\">Aracely Alhel\u00ed Alvarado Gonz\u00e1lez<\/span><span class=\"bt_bb_post_grid_filter_item\" data-category=\"aristoteles-tito-arroyo\">Arist\u00f3teles Tito Arroyo<\/span><span class=\"bt_bb_post_grid_filter_item\" data-category=\"arturo-lopez-sugia\">Arturo L\u00f3pez Sug\u00eda<\/span><span class=\"bt_bb_post_grid_filter_item\" data-category=\"arturo-martinez-nunez\">Arturo Mart\u00ednez N\u00fa\u00f1ez<\/span><span class=\"bt_bb_post_grid_filter_item\" data-category=\"bernardo-ortega-jimenez\">Bernardo Ortega Jim\u00e9nez<\/span><span class=\"bt_bb_post_grid_filter_item\" data-category=\"blanca-celene-armenta-piza\">Blanca Celene Armenta Piza<\/span><span class=\"bt_bb_post_grid_filter_item\" data-category=\"boletin\">Bolet\u00edn<\/span><span class=\"bt_bb_post_grid_filter_item\" data-category=\"carlos-cruz-lopez\">Carlos Cruz L\u00f3pez<\/span><span class=\"bt_bb_post_grid_filter_item\" data-category=\"celeste-mora-eguiluz\">Celeste Mora Eguiluz<\/span><span class=\"bt_bb_post_grid_filter_item\" data-category=\"celestino-cesareo-guzman\">Celestino Ces\u00e1reo Guzm\u00e1n<\/span><span class=\"bt_bb_post_grid_filter_item\" data-category=\"cervando-ayala-rodriguez\">Cervando Ayala Rodr\u00edguez<\/span><span class=\"bt_bb_post_grid_filter_item\" data-category=\"dimna-guadalupe-salgado-apatiga\">Dimna Guadalupe Salgado Ap\u00e1tiga<\/span><span class=\"bt_bb_post_grid_filter_item\" data-category=\"erika-valencia-cardona\">Erika Valencia Cardona<\/span><span class=\"bt_bb_post_grid_filter_item\" data-category=\"eunice-monzon-garcia\">Eunice Monz\u00f3n Garc\u00eda<\/span><span class=\"bt_bb_post_grid_filter_item\" data-category=\"fabiola-rafael-dircio\">Fabiola Rafael Dircio<\/span><span class=\"bt_bb_post_grid_filter_item\" data-category=\"focas-cruz-reyes\">Focas Cruz Reyes<\/span><span class=\"bt_bb_post_grid_filter_item\" data-category=\"guadalupe-gonzalez-suastegui\">Guadalupe Gonz\u00e1lez Su\u00e1stegui<\/span><span class=\"bt_bb_post_grid_filter_item\" data-category=\"hector-apreza-patron\">H\u00e9ctor Apreza Patr\u00f3n<\/span><span class=\"bt_bb_post_grid_filter_item\" data-category=\"hector-ocampo-arcos\">H\u00e9ctor Ocampo Arcos<\/span><span class=\"bt_bb_post_grid_filter_item\" data-category=\"heriberto-huicochea-vazquez\">Heriberto Huicochea V\u00e1zquez<\/span><span class=\"bt_bb_post_grid_filter_item\" data-category=\"j-jesus-villanueva-vega\">J. Jes\u00fas Villanueva Vega<\/span><span class=\"bt_bb_post_grid_filter_item\" data-category=\"jorge-salgado-parra\">Jorge Salgado Parra<\/span><span class=\"bt_bb_post_grid_filter_item\" data-category=\"leticia-mosso-hernandez\">Leticia Mosso Hern\u00e1ndez<\/span><span class=\"bt_bb_post_grid_filter_item\" data-category=\"luis-enrique-rios-saucedo\">Luis Enrique R\u00edos Saucedo<\/span><span class=\"bt_bb_post_grid_filter_item\" data-category=\"manuel-quinonez-cortes\">Manuel Qui\u00f1\u00f3nez Cort\u00e9s<\/span><span class=\"bt_bb_post_grid_filter_item\" data-category=\"marco-antonio-cabada-arias\">Marco Antonio Cabada Arias<\/span><span class=\"bt_bb_post_grid_filter_item\" data-category=\"maria-del-carmen-perez-izazaga\">Mar\u00eda del Carmen P\u00e9rez Izazaga<\/span><span class=\"bt_bb_post_grid_filter_item\" data-category=\"maria-veronica-munoz-parra\">Mar\u00eda Ver\u00f3nica Mu\u00f1oz Parra<\/span><span class=\"bt_bb_post_grid_filter_item\" data-category=\"mariana-itallitzin-garcia-guillen\">Mariana Itallitzin Garc\u00eda Guill\u00e9n<\/span><span class=\"bt_bb_post_grid_filter_item\" data-category=\"medardo-garcia-carrillo\">Medardo Garc\u00eda Carrillo<\/span><span class=\"bt_bb_post_grid_filter_item\" data-category=\"misraim-olea-echeverria\">Misraim Olea Echeverr\u00eda<\/span><span class=\"bt_bb_post_grid_filter_item\" data-category=\"moises-reyes-sandoval\">Mois\u00e9s Reyes Sandoval<\/span><span class=\"bt_bb_post_grid_filter_item\" data-category=\"nilsan-hilario-mendoza\">Nilsan Hilario Mendoza<\/span><span class=\"bt_bb_post_grid_filter_item\" data-category=\"norma-otilia-hernandez-martinez\">Norma Otilia Hern\u00e1ndez Mart\u00ednez<\/span><span class=\"bt_bb_post_grid_filter_item\" data-category=\"olaguer-hernandez-flores\">Olaguer Hern\u00e1ndez Flores<\/span><span class=\"bt_bb_post_grid_filter_item\" data-category=\"omar-jalil-flores-majul\">Omar Jalil Flores Majul<\/span><span class=\"bt_bb_post_grid_filter_item\" data-category=\"ossiel-pacheco-salas\">Ossiel Pacheco Salas<\/span><span class=\"bt_bb_post_grid_filter_item\" data-category=\"perla-edith-martinez-rios\">Perla Edith Mart\u00ednez R\u00edos<\/span><span class=\"bt_bb_post_grid_filter_item\" data-category=\"perla-xochitl-garcia-silva\">Perla X\u00f3chitl Garc\u00eda Silva<\/span><span class=\"bt_bb_post_grid_filter_item\" data-category=\"ricardo-castillo-pena\">Ricardo Castillo Pe\u00f1a<\/span><span class=\"bt_bb_post_grid_filter_item\" data-category=\"robell-uriostegui-patino\">Robell Uri\u00f3stegui Pati\u00f1o<\/span><span class=\"bt_bb_post_grid_filter_item\" data-category=\"rocio-alonso-reyes\">Roc\u00edo Alonso Reyes<\/span><span class=\"bt_bb_post_grid_filter_item\" data-category=\"romulo-reza-hurtado\">R\u00f3mulo Reza Hurtado<\/span><span class=\"bt_bb_post_grid_filter_item\" data-category=\"saida-reyes-iruegas\">Saida Reyes Iruegas<\/span><span class=\"bt_bb_post_grid_filter_item\" data-category=\"samantha-arroyo-salgado\">Samantha Arroyo Salgado<\/span><span class=\"bt_bb_post_grid_filter_item\" data-category=\"servando-de-jesus-salgado-guzman\">Servando De Jes\u00fas Salgado Guzm\u00e1n<\/span><span class=\"bt_bb_post_grid_filter_item\" data-category=\"teofila-platero-aviles\">Te\u00f3fila Platero Avil\u00e9s<\/span><span class=\"bt_bb_post_grid_filter_item\" data-category=\"yoloczin-lizbeth-dominguez-serna\">Yoloczin Lizbeth Dom\u00ednguez Serna<\/span><span class=\"bt_bb_post_grid_filter_item\" data-category=\"zeferino-gomez-valdovinos\">Zeferino G\u00f3mez Valdovinos<\/span><span class=\"bt_bb_post_grid_filter_item\" data-category=\"zoraida-abril-cruz-tenorio\">Zoraida Abril Cruz Tenorio<\/span><\/div><div class=\"bt_bb_masonry_post_grid_content bt_bb_grid_hide\" data-bt-bb-masonry-post-grid-nonce=\"fefb025d82\" data-number=\"1000\" data-category=\"\" data-show=\"a%3A6%3A%7Bs%3A8%3A%22category%22%3Bb%3A1%3Bs%3A4%3A%22date%22%3Bb%3A1%3Bs%3A6%3A%22author%22%3Bb%3A1%3Bs%3A8%3A%22comments%22%3Bb%3A1%3Bs%3A7%3A%22excerpt%22%3Bb%3A1%3Bs%3A5%3A%22share%22%3Bb%3A1%3B%7D\" data-auto-loading=\"\" data-post-type=\"post\"><div class=\"bt_bb_grid_sizer\"><\/div><\/div><div class=\"bt_bb_post_grid_loader\"><\/div><\/div><\/div><\/div><\/div><\/div><\/div><\/div><!-- cell_inner --><\/div><!-- cell --><\/div><!-- port --><\/section>\n","protected":false},"excerpt":{"rendered":"","protected":false},"author":2,"featured_media":3062,"parent":25,"menu_order":0,"comment_status":"closed","ping_status":"closed","template":"","meta":{"footnotes":""},"class_list":["post-1200","page","type-page","status-publish","has-post-thumbnail","hentry"],"yoast_head":"<!-- This site is optimized with the Yoast SEO plugin v23.5 - https:\/\/yoast.com\/wordpress\/plugins\/seo\/ -->\n<title>Comunicaci\u00f3n - Congreso del Estado de Guerrero<\/title>\n<meta name=\"robots\" content=\"index, follow, max-snippet:-1, max-image-preview:large, max-video-preview:-1\" \/>\n<link rel=\"canonical\" href=\"https:\/\/congresogro.gob.mx\/62\/inicio\/news-2\/news-grid\/\" \/>\n<meta property=\"og:locale\" content=\"es_MX\" \/>\n<meta property=\"og:type\" content=\"article\" \/>\n<meta property=\"og:title\" content=\"Comunicaci\u00f3n - Congreso del Estado de Guerrero\" \/>\n<meta property=\"og:url\" content=\"https:\/\/congresogro.gob.mx\/62\/inicio\/news-2\/news-grid\/\" \/>\n<meta property=\"og:site_name\" content=\"Congreso del Estado de Guerrero\" \/>\n<meta property=\"article:modified_time\" content=\"2021-10-11T18:40:43+00:00\" \/>\n<meta property=\"og:image\" content=\"https:\/\/congresogro.gob.mx\/62\/inicio\/wp-content\/uploads\/2021\/02\/banner-comunicacion.jpg\" \/>\n\t<meta property=\"og:image:width\" content=\"1587\" \/>\n\t<meta property=\"og:image:height\" content=\"635\" \/>\n\t<meta property=\"og:image:type\" content=\"image\/jpeg\" \/>\n<meta name=\"twitter:card\" content=\"summary_large_image\" \/>\n<meta name=\"twitter:label1\" content=\"Tiempo de lectura\" \/>\n\t<meta name=\"twitter:data1\" content=\"1 minuto\" \/>\n<script type=\"application\/ld+json\" class=\"yoast-schema-graph\">{\"@context\":\"https:\/\/schema.org\",\"@graph\":[{\"@type\":\"WebPage\",\"@id\":\"https:\/\/congresogro.gob.mx\/62\/inicio\/news-2\/news-grid\/\",\"url\":\"https:\/\/congresogro.gob.mx\/62\/inicio\/news-2\/news-grid\/\",\"name\":\"Comunicaci\u00f3n - Congreso del Estado de Guerrero\",\"isPartOf\":{\"@id\":\"https:\/\/congresogro.gob.mx\/62\/inicio\/#website\"},\"primaryImageOfPage\":{\"@id\":\"https:\/\/congresogro.gob.mx\/62\/inicio\/news-2\/news-grid\/#primaryimage\"},\"image\":{\"@id\":\"https:\/\/congresogro.gob.mx\/62\/inicio\/news-2\/news-grid\/#primaryimage\"},\"thumbnailUrl\":\"https:\/\/congresogro.gob.mx\/62\/inicio\/wp-content\/uploads\/2021\/02\/banner-comunicacion.jpg\",\"datePublished\":\"2018-09-11T09:39:24+00:00\",\"dateModified\":\"2021-10-11T18:40:43+00:00\",\"breadcrumb\":{\"@id\":\"https:\/\/congresogro.gob.mx\/62\/inicio\/news-2\/news-grid\/#breadcrumb\"},\"inLanguage\":\"es\",\"potentialAction\":[{\"@type\":\"ReadAction\",\"target\":[\"https:\/\/congresogro.gob.mx\/62\/inicio\/news-2\/news-grid\/\"]}]},{\"@type\":\"ImageObject\",\"inLanguage\":\"es\",\"@id\":\"https:\/\/congresogro.gob.mx\/62\/inicio\/news-2\/news-grid\/#primaryimage\",\"url\":\"https:\/\/congresogro.gob.mx\/62\/inicio\/wp-content\/uploads\/2021\/02\/banner-comunicacion.jpg\",\"contentUrl\":\"https:\/\/congresogro.gob.mx\/62\/inicio\/wp-content\/uploads\/2021\/02\/banner-comunicacion.jpg\",\"width\":1587,\"height\":635},{\"@type\":\"BreadcrumbList\",\"@id\":\"https:\/\/congresogro.gob.mx\/62\/inicio\/news-2\/news-grid\/#breadcrumb\",\"itemListElement\":[{\"@type\":\"ListItem\",\"position\":1,\"name\":\"Inicio\",\"item\":\"https:\/\/congresogro.gob.mx\/62\/inicio\/\"},{\"@type\":\"ListItem\",\"position\":2,\"name\":\"News\",\"item\":\"https:\/\/congresogro.gob.mx\/62\/inicio\/news-2\/\"},{\"@type\":\"ListItem\",\"position\":3,\"name\":\"Comunicaci\u00f3n\"}]},{\"@type\":\"WebSite\",\"@id\":\"https:\/\/congresogro.gob.mx\/62\/inicio\/#website\",\"url\":\"https:\/\/congresogro.gob.mx\/62\/inicio\/\",\"name\":\"Congreso del Estado de Guerrero\",\"description\":\"LXII LEGISLATURA\",\"potentialAction\":[{\"@type\":\"SearchAction\",\"target\":{\"@type\":\"EntryPoint\",\"urlTemplate\":\"https:\/\/congresogro.gob.mx\/62\/inicio\/?s={search_term_string}\"},\"query-input\":{\"@type\":\"PropertyValueSpecification\",\"valueRequired\":true,\"valueName\":\"search_term_string\"}}],\"inLanguage\":\"es\"}]}<\/script>\n<!-- \/ Yoast SEO plugin. -->","yoast_head_json":{"title":"Comunicaci\u00f3n - Congreso del Estado de Guerrero","robots":{"index":"index","follow":"follow","max-snippet":"max-snippet:-1","max-image-preview":"max-image-preview:large","max-video-preview":"max-video-preview:-1"},"canonical":"https:\/\/congresogro.gob.mx\/62\/inicio\/news-2\/news-grid\/","og_locale":"es_MX","og_type":"article","og_title":"Comunicaci\u00f3n - Congreso del Estado de Guerrero","og_url":"https:\/\/congresogro.gob.mx\/62\/inicio\/news-2\/news-grid\/","og_site_name":"Congreso del Estado de Guerrero","article_modified_time":"2021-10-11T18:40:43+00:00","og_image":[{"width":1587,"height":635,"url":"https:\/\/congresogro.gob.mx\/62\/inicio\/wp-content\/uploads\/2021\/02\/banner-comunicacion.jpg","type":"image\/jpeg"}],"twitter_card":"summary_large_image","twitter_misc":{"Tiempo de lectura":"1 minuto"},"schema":{"@context":"https:\/\/schema.org","@graph":[{"@type":"WebPage","@id":"https:\/\/congresogro.gob.mx\/62\/inicio\/news-2\/news-grid\/","url":"https:\/\/congresogro.gob.mx\/62\/inicio\/news-2\/news-grid\/","name":"Comunicaci\u00f3n - Congreso del Estado de Guerrero","isPartOf":{"@id":"https:\/\/congresogro.gob.mx\/62\/inicio\/#website"},"primaryImageOfPage":{"@id":"https:\/\/congresogro.gob.mx\/62\/inicio\/news-2\/news-grid\/#primaryimage"},"image":{"@id":"https:\/\/congresogro.gob.mx\/62\/inicio\/news-2\/news-grid\/#primaryimage"},"thumbnailUrl":"https:\/\/congresogro.gob.mx\/62\/inicio\/wp-content\/uploads\/2021\/02\/banner-comunicacion.jpg","datePublished":"2018-09-11T09:39:24+00:00","dateModified":"2021-10-11T18:40:43+00:00","breadcrumb":{"@id":"https:\/\/congresogro.gob.mx\/62\/inicio\/news-2\/news-grid\/#breadcrumb"},"inLanguage":"es","potentialAction":[{"@type":"ReadAction","target":["https:\/\/congresogro.gob.mx\/62\/inicio\/news-2\/news-grid\/"]}]},{"@type":"ImageObject","inLanguage":"es","@id":"https:\/\/congresogro.gob.mx\/62\/inicio\/news-2\/news-grid\/#primaryimage","url":"https:\/\/congresogro.gob.mx\/62\/inicio\/wp-content\/uploads\/2021\/02\/banner-comunicacion.jpg","contentUrl":"https:\/\/congresogro.gob.mx\/62\/inicio\/wp-content\/uploads\/2021\/02\/banner-comunicacion.jpg","width":1587,"height":635},{"@type":"BreadcrumbList","@id":"https:\/\/congresogro.gob.mx\/62\/inicio\/news-2\/news-grid\/#breadcrumb","itemListElement":[{"@type":"ListItem","position":1,"name":"Inicio","item":"https:\/\/congresogro.gob.mx\/62\/inicio\/"},{"@type":"ListItem","position":2,"name":"News","item":"https:\/\/congresogro.gob.mx\/62\/inicio\/news-2\/"},{"@type":"ListItem","position":3,"name":"Comunicaci\u00f3n"}]},{"@type":"WebSite","@id":"https:\/\/congresogro.gob.mx\/62\/inicio\/#website","url":"https:\/\/congresogro.gob.mx\/62\/inicio\/","name":"Congreso del Estado de Guerrero","description":"LXII LEGISLATURA","potentialAction":[{"@type":"SearchAction","target":{"@type":"EntryPoint","urlTemplate":"https:\/\/congresogro.gob.mx\/62\/inicio\/?s={search_term_string}"},"query-input":{"@type":"PropertyValueSpecification","valueRequired":true,"valueName":"search_term_string"}}],"inLanguage":"es"}]}},"_links":{"self":[{"href":"https:\/\/congresogro.gob.mx\/62\/inicio\/wp-json\/wp\/v2\/pages\/1200","targetHints":{"allow":["GET"]}}],"collection":[{"href":"https:\/\/congresogro.gob.mx\/62\/inicio\/wp-json\/wp\/v2\/pages"}],"about":[{"href":"https:\/\/congresogro.gob.mx\/62\/inicio\/wp-json\/wp\/v2\/types\/page"}],"author":[{"embeddable":true,"href":"https:\/\/congresogro.gob.mx\/62\/inicio\/wp-json\/wp\/v2\/users\/2"}],"replies":[{"embeddable":true,"href":"https:\/\/congresogro.gob.mx\/62\/inicio\/wp-json\/wp\/v2\/comments?post=1200"}],"version-history":[{"count":2,"href":"https:\/\/congresogro.gob.mx\/62\/inicio\/wp-json\/wp\/v2\/pages\/1200\/revisions"}],"predecessor-version":[{"id":3063,"href":"https:\/\/congresogro.gob.mx\/62\/inicio\/wp-json\/wp\/v2\/pages\/1200\/revisions\/3063"}],"up":[{"embeddable":true,"href":"https:\/\/congresogro.gob.mx\/62\/inicio\/wp-json\/wp\/v2\/pages\/25"}],"wp:featuredmedia":[{"embeddable":true,"href":"https:\/\/congresogro.gob.mx\/62\/inicio\/wp-json\/wp\/v2\/media\/3062"}],"wp:attachment":[{"href":"https:\/\/congresogro.gob.mx\/62\/inicio\/wp-json\/wp\/v2\/media?parent=1200"}],"curies":[{"name":"wp","href":"https:\/\/api.w.org\/{rel}","templated":true}]}}